28) + (-1 - -1) + -25
-16
-17 - ((-3 - (0 - 12)) + -24)
-2
-20 - -11 - (1 + -12)
2
Evaluate (4 - (12 + -4 + -5)) + (2 - -4).
7
What is -56 + 69 + (-36 - -6)?
-17
Calculate (1 - 0) + (-3 - (21 + -14)).
-9
What is 21 - (-20 - -25) - -4?
20
What is the value of (3 - 9 - -15) + -10 - -7?
6
Evaluate 0 + 2 + (0 - 23) - (-640 - -635).
-16
Evaluate (-3 - 1) + (3 + 5 - (-5 - -22)).
-13
What is the value of (8 - 25) + 5 - (6 - -15)?
-33
(-41 - (-7 + 5)) + 12
-27
What is the value of 25 - 1 - 24 - -19?
19
2 + 19 - (-21 - -11)
31
What is -1 - (-10 + -10 + 7)?
12
What is the value of (-40 - -34) + -6 + -12?
-24
(-43 - (-15 + -1) - 0) + 11
-16
-3 + -9 + 9 + (-25 - (8 + -11))
-25
Evaluate (10 - (18 - 2)) + (-7 - (-2 + 4)).
-15
Calculate 4 + 3 - (-79 - -88).
-2
Calculate -5 + (-11 - 12) + 32.
4
(5 - 6 - -5) + (-34 - 4 - -6)
-28
Calculate (-5 - -2) + (5 - 4) + (2 - -4).
4
Calculate -10 + (24 - 14) - -3.
3
(-8 + 7 + -6 - 1) + 21
13
Evaluate 41 + (-66 - -30) + -20.
-15
-1 + -21 - -1 - 6
-27
Calculate -12 - (-18 + -11 + 33 - (1 - 12)).
-27
Calculate -1 - (-19 + 11 + 0 + 4 + -1).
4
What is 17 - (-13 - -12) - 5?
13
What is (-10 - 0) + (349 - 335)?
4
Calculate (4 + 2 - (16 + -1)) + 2 + 3.
-4
Calculate (-12 + 14 - 20) + 32.
14
What is -11 + -8 + 9 + (1 - -6)?
-3
What is 20 - (34 - 5) - (-33 - -2)?
22
Evaluate -27 + (-2 + 10 + (18 - 12) - 8).
-21
Calculate -6 - 7 - (-3 + 6 - 4).
-12
What is the value of -14 + 4 + -16 + (7 - -3)?
-16
Calculate 17 + -15 + 6 + (-5 - (31 + 6)).
-34
What is the value of -164 - -162 - (-3 + 3 + -5)?
3
Calculate (6 - (1 + (-4 - -7) + 1)) + -6.
-5
What is the value of (-6 - 3) + 9 + 3 - -3?
6
What is (19 - 19 - -15) + -10?
5
Calculate (-8 - -4) + (14 - 8) + -43 + 8.
-33
10 - -12 - 14 - 27
-19
Evaluate -11 + 13 + (0 - ((-5 - -12) + -1)).
-4
Evaluate -1 + 0 - (19 + (-10 - 5) + -8).
3
What is the value of -2 - (-21 + -1 - (-68 - -56))?
8
What is -4 - (-16 - 1) - (12 + -6 - 3)?
10
Calculate -14 + -11 + 17 + 3.
-5
What is the value of -8 - (-12 + 8 + -9)?
5
What is -1 + 1 + -9 - (-28 - (58 + -71))?
6
What is -8 + -3 + 3 - (1 + 4 - 6)?
-7
Calculate 1 + 13 - (-505 - -503).
16
What is the value of 13 - 16 - (5 + -1 + 6)?
-13
Evaluate -26 - (-9 - (-14 - (-13 + 2))).
-20
Calculate 0 + 12 + 2 + (3533 - 3550).
-3
What is the value of -2 - -22 - (6 - -42 - 41)?
13
Evaluate (6 - 2) + (-9 - 3 - -11).
3
What is 23 + -21 + -3 + -6?
-7
-7 - (3 + (-13 - (-12 - -10)))
1
What is (5 - (4 + (20 - 9))) + -2?
-12
32 - (-20 + 29 + -6)
29
What is the value of (0 + 6 + 2 + -1 - 10) + 16?
13
-1 + (5 - 0) - (-14 - -24)
-6
What is the value of 7 - (-48 + 32 - (2 + 0 - 5))?
20
Evaluate (14 - (0 + -5)) + 4 + -9 - 1.
13
6 + 1 + 1 + (-27 - -38)
19
0 + (9 - (-2 + 0)) - (271 + -276)
16
Evaluate 1 + (28 - -7) + -16.
20
What is -12 - (12 + (-35 - 2) + 14)?
-1
Evaluate 151 - 157 - (-43 + 0 + (1 - -2)).
34
What is (-7 - (14 - 12)) + 21?
12
Calculate -396 + 399 - (-7 + (0 - 2)).
12
Calculate -12 - (-20 + (-56 + 55 - (0 + -3))).
6
Calculate 8 + 6 + -8 + 6 + -1.
11
What is 100 + -92 + (-1 - 2) - (-3 - -3)?
5
What is the value of -1 + 17 + (17 - (-30 + 54))?
9
-1 + -1 + (-5 - -10 - (0 - -4))
-1
Calculate (4 - 1) + -7 - -1 - (-12 - 1).
10
Calculate 41 - 36 - (26 - -2) - -4.
-19
What is the value of -18 + (-4 - -28) - -11?
17
Calculate 3 + (-18 - (29 + -14 + -16)).
-14
What is the value of 5 - (25 - (8 + 0 + -5 + 6))?
-11
What is 8 + (30 - 2 - (-5 - -19))?
22
Evaluate -23 - -1 - (-23 - -1).
0
-2 + -5 + (0 - 0)
-7
Calculate (-16 - 0) + 366 + -349.
1
Evaluate -1 + ((-6 - -1 - -4) + -3 - -5).
0
(-28 - (-14 - -21)) + 65
30
Evaluate -5 + (-2 + (5 - -3) - -5) + -5.
1
Evaluate -5 + -1 + 9 + (-31 - 2 - -25).
-5
What is (5 - 1) + (29 - 24 - 19)?
-10
2 - (-30 + 46 + (-1 - 9))
-4
Calculate 44 + (34 - 40 - 40).
-2
Evaluate (-8 - (29 + -15 - 37)) + -23.
-8
Evaluate 10 + -23 - ((6 - 15) + 14).
-18
(6 - (7 - 10)) + -19 + 1
-9
Evaluate 237 + -204 + -11 + (-4 - -1).
19
-25 + (30 - 14) - -33
24
Evaluate 22 - (37 - (19 + -1)).
3
Evaluate 2 + -20 + 1 + -4 + -1 + 7.
-15
-4 + -3 + 14 + (-6 - -4) + 6
11
Calculate -5 + ((-2 - -3) + 2 + 5 - 6).
-3
What is -17 - -4 - (16 + -20)?
-9
What is the value of 0 + 1 - (30 + -7 - 8 - 8)?
-6
What is the value of (4 + 0 - (139 + -156)) + -6?
15
Evaluate 2 + -30 - (-260 + 217).
15
Calculate -2 + -20 + -1 + 17.
-6
Evaluate -4 + (4 - (0 + 5 + -7)).
2
Calculate (-1 + 18 - (-193 + 198)) + -6.
6
What is the value of -9 - 17 - (22 + -43)?
-5
What is 27 + -49 - ((-4 - 0) + 8 - 9)?
-17
What is -2 + (-32 - -34 - (-7 - 1))?
8
What is the value of -12 - (-23 - -16) - (-1 + -6)?
2
What is -6 + 4 + (3 - (0 + 7))?
-6
Evaluate -3 + (1 - (-6 + 9)) + (40 - -4).
39
Evaluate -13 + (-24 - (-60 + 16)).
7
(11 - -5) + -28 - 2
-14
-6 - ((1 - 7 - -1) + (322 - 321))
-2
-10 - (-5 - -7 - 6) - -7
1
-41 + 32 + -1 - (23 + -3)
-30
Calculate 10 - -7 - 39 - -18.
-4
What is 80 - 76 - (2 - (0 + 0))?
2
What is 11 + (-21 - -13 - -12) - -6?
21
What is the value of 0 + -15 + (0 - -27)?
12
What is 27 - ((-7 - (-6 - 2)) + 7)?
19
What is 13 + (-15 - (12 + -6))?
-8
What is (-1 - -1 - 4) + (6 - 1)?
1
Calculate -47 + 57 + (-3 - -2).
9
Calculate -7 + -1 - (6 + 12 + -19).
-7
(-16 - -3) + 15 + 7 + -10
-1
Evaluate -26 - -1 - (114 - 132).
-7
What is the value of ((-10 - -17) + -7 - -3) + -12?
-9
-21 + 1 + -4 - -27
3
9 + (-8 - -1) - (-21 + 44)
-21
What is -8 + 12 - (1 + 0 + -1 + 3)?
1
Evaluate 1 + 4 + -4 + 18.
19
Evaluate -99 - -84 - (4 - 3 - 3).
-13
What is the value of (6 - -5 - (8 + -2) - 1) + 3?
7
What is -6 + -22 + 16 + 15?
3
What is 10 - (8 - (-5 - -3) - 10)?
10
Evaluate -5 - (7 + 1 - (51 + -27)).
11
Evaluate (-3 - 6 - (0 - 13)) + 0 + -25.
-21
18 + -14 + (13 - -7)
24
What is the value of 6 - 1 - ((-5 - 0) + 16) - 2?
-8
Calculate 19 + -5 - (7 + 1).
6
(6 - (-7 + 1)) + (1 - (-5 - -6))
12
Evaluate 36 + -52 + 29 + 14.
27
What is -28 - (-4 + -10 - (-10 - -6))?
-18
Evaluate (18 + -33 + 7 - (3 + -12)) + 13.
14
What is (-4 - -3) + (26 - 18)?
7
What is the value of 0 - 12 - (-60 + 43) - 33?
-28
4 + 1 + (61 - 88) + (-1 - 8)
-31
What is the value of 40 - (61 + -46 + 13)?
12
Calculate 2 + 7 + -14 + 15 + 0.
10
What is the value of -8 - 0 - (33 - 49)?
8
-34 + -5 + (-99 - -128)
-10
Calculate -10 - (-34 + 15 + (13 - 11)).
7
-17 + (10 - (1 + -5)) - 10
-13
16 - (6 + (9 - 11) - -43)
-31
Calculate 10 + 2 + 23 - 14.
21
Evaluate 27 - 46 - (-1 + -35).
17
-8 + (-23 - -3) + -16 + 23
-21
Calculate (-2 - (-3 + 2) - -2) + (26 - 26).
1
Calculate -25 - -39 - (-34 - -82).
-34
Calculate -1 + 1 + 2 - 0 - (258 + -255).
-1
-9 + (-11 - -8) - -9 - 22
-25
What is -39 + (16 - (4 + -9))?
-18
What is the value of 39 + (-14 + 11 - (6 - -4))?
26
Evaluate -23 + (54 - 2) + -1 + -13.
15
Evaluate (8 - 4) + (-8 + 22 - 12).
6
What is the value of 11 + -23 + 8 - 9?
-13
Calculate 13 - ((-9 - -32) + -19).
9
What is -20 + 48 + -5 + -19?
4
Calculate -1 + -16 + -4 + 15.
-6
-6 - 7 - -27 - (24 + -1)
-9
Evaluate (-24 - -39) + 0 - (5 + (-1 - -2)).
9
What is 7 + (-10 - 1 - -2) - (6 - -2)?
-10
Evaluate 0 + 9 + (-15 - 11 - -10 - -23).
16
Calculate (5 - (-8 + 19)) + -13.
-19
What is 25 - (-6 + -17 - -40)?
8
Evaluate -9 - (-26 - (-24 - 14) - (-1 + -10)).
-32
Evaluate 12 + (-14 - (8 - -3)).
-13
What is the value of 1 + 6 + 10 + -4 + 9?
22
Evaluate (-66 - (-16 + -5)) + 32.
-13
What is 10 - (11 + -7) - 16 - -4?
-6
What is (0 - 18 - -6) + 3?
-9
Calculate 207 + -185 - (0 - -17).
5
What is the value of 11 - (4 - (1 - 0))?
8
Evaluate 18 + -12 + -16 + (6 + -3 - 0).
-7
Calculate -4 - (-14 - (-1 + -2 + -34)).
-27
Calculate 9 + (-18 - -6) + (-1 - 29) + 3.
-30
1 - ((-67 - -60) + 12 + 1)
-5
Evaluate -18 + (-2 + 5 - -10).
-5
What is the value of (-7 - -4 - -4) + 11 - 14?
-2
What is -4 - (-23 + 25) - -15?
9
What is -485 + 486 - (0 + 6)?
-5
What is the value of (16 - 0) + (5 - (13 + 2 + -9))?
15
What is the value of 6 - (7 - (0 - (12 - 5 - 14)))?
6
Evaluate 32 + (-13 - (-9 - -8)) + 1 + 1.
22
Evaluate 6 - (-3 - 4) - (-25 + 39).
-1
What is the value of -1 - (5 + -4 + (-4 - (10 + -7)))?
5
What is the value of -14 - (-7 - (-2 - -12))?
3
What is -58 + 43 + (3 - 3) - -6?
-9
13 + (9 - (-7 + 14))
15
What is -5 - (0 - -2) - (-44 - -22)?
15
Calculate 0 + (-49 - -43 - (-3 + 0)).
-3
Evaluate (-9 - (8 + -5) - -2) + -2 - 6.
-18
What is the value of -20 + -16 + 49 + -16?
-3
What is the value of -10 - (-10 - (-